{"id":884,"date":"2020-06-26T21:18:39","date_gmt":"2020-06-26T18:18:39","guid":{"rendered":"https:\/\/sammi.kapsi.fi\/?page_id=884"},"modified":"2025-06-03T21:01:38","modified_gmt":"2025-06-03T21:01:38","slug":"yhdistyksen-saannot-2","status":"publish","type":"page","link":"https:\/\/dev.halminen.net\/sammi\/yhdistyksen-saannot-2\/","title":{"rendered":"Yhdistyksen s\u00e4\u00e4nn\u00f6t"},"content":{"rendered":"\n<figure class=\"wp-block-image size-large\"><img loading=\"lazy\" decoding=\"async\" width=\"730\" height=\"1024\" src=\"https:\/\/dev.halminen.net\/sammi\/wp-content\/uploads\/2025\/06\/saannot1-730x1024.jpg\" alt=\"\" class=\"wp-image-1117\" srcset=\"https:\/\/dev.halminen.net\/sammi\/wp-content\/uploads\/2025\/06\/saannot1-730x1024.jpg 730w, https:\/\/dev.halminen.net\/sammi\/wp-content\/uploads\/2025\/06\/saannot1-214x300.jpg 214w, https:\/\/dev.halminen.net\/sammi\/wp-content\/uploads\/2025\/06\/saannot1-768x1077.jpg 768w, https:\/\/dev.halminen.net\/sammi\/wp-content\/uploads\/2025\/06\/saannot1.jpg 891w\" sizes=\"auto, (max-width: 730px) 100vw, 730px\" \/><\/figure>\n\n\n\n<figure class=\"wp-block-image size-large\"><img loading=\"lazy\" decoding=\"async\" width=\"713\" height=\"1024\" src=\"https:\/\/dev.halminen.net\/sammi\/wp-content\/uploads\/2025\/06\/saannot2-713x1024.jpg\" alt=\"\" class=\"wp-image-1118\" srcset=\"https:\/\/dev.halminen.net\/sammi\/wp-content\/uploads\/2025\/06\/saannot2-713x1024.jpg 713w, https:\/\/dev.halminen.net\/sammi\/wp-content\/uploads\/2025\/06\/saannot2-209x300.jpg 209w, https:\/\/dev.halminen.net\/sammi\/wp-content\/uploads\/2025\/06\/saannot2-768x1102.jpg 768w, https:\/\/dev.halminen.net\/sammi\/wp-content\/uploads\/2025\/06\/saannot2.jpg 873w\" sizes=\"auto, (max-width: 713px) 100vw, 713px\" \/><\/figure>\n\n\n\n<figure class=\"wp-block-image size-large\"><img loading=\"lazy\" decoding=\"async\" width=\"707\" height=\"1024\" src=\"https:\/\/dev.halminen.net\/sammi\/wp-content\/uploads\/2025\/06\/saanno3-707x1024.jpg\" alt=\"\" class=\"wp-image-1116\" srcset=\"https:\/\/dev.halminen.net\/sammi\/wp-content\/uploads\/2025\/06\/saanno3-707x1024.jpg 707w, https:\/\/dev.halminen.net\/sammi\/wp-content\/uploads\/2025\/06\/saanno3-207x300.jpg 207w, https:\/\/dev.halminen.net\/sammi\/wp-content\/uploads\/2025\/06\/saanno3-768x1112.jpg 768w, https:\/\/dev.halminen.net\/sammi\/wp-content\/uploads\/2025\/06\/saanno3.jpg 865w\" sizes=\"auto, (max-width: 707px) 100vw, 707px\" \/><\/figure>\n","protected":false},"excerpt":{"rendered":"","protected":false},"author":1,"featured_media":0,"parent":0,"menu_order":0,"comment_status":"closed","ping_status":"closed","template":"","meta":{"footnotes":""},"class_list":["post-884","page","type-page","status-publish","hentry"],"_links":{"self":[{"href":"https:\/\/dev.halminen.net\/sammi\/wp-json\/wp\/v2\/pages\/884","targetHints":{"allow":["GET"]}}],"collection":[{"href":"https:\/\/dev.halminen.net\/sammi\/wp-json\/wp\/v2\/pages"}],"about":[{"href":"https:\/\/dev.halminen.net\/sammi\/wp-json\/wp\/v2\/types\/page"}],"author":[{"embeddable":true,"href":"https:\/\/dev.halminen.net\/sammi\/wp-json\/wp\/v2\/users\/1"}],"replies":[{"embeddable":true,"href":"https:\/\/dev.halminen.net\/sammi\/wp-json\/wp\/v2\/comments?post=884"}],"version-history":[{"count":2,"href":"https:\/\/dev.halminen.net\/sammi\/wp-json\/wp\/v2\/pages\/884\/revisions"}],"predecessor-version":[{"id":1119,"href":"https:\/\/dev.halminen.net\/sammi\/wp-json\/wp\/v2\/pages\/884\/revisions\/1119"}],"wp:attachment":[{"href":"https:\/\/dev.halminen.net\/sammi\/wp-json\/wp\/v2\/media?parent=884"}],"curies":[{"name":"wp","href":"https:\/\/api.w.org\/{rel}","templated":true}]}}