{"id":614,"date":"2017-06-13T23:26:40","date_gmt":"2017-06-13T20:26:40","guid":{"rendered":"https:\/\/sammi.kapsi.fi\/?page_id=614"},"modified":"2025-06-23T16:23:41","modified_gmt":"2025-06-23T16:23:41","slug":"etusivu","status":"publish","type":"page","link":"https:\/\/dev.halminen.net\/sammi\/","title":{"rendered":"Tervetuloa Sammin kyl\u00e4yhdistyksen sivuille!"},"content":{"rendered":"\n<p>Tervetuloa Sammiin! Sammi kuuluu Siikaisten kuntaan ja sijaitsee Pohjanmaantien ja Siikaisten puolessa v\u00e4liss\u00e4. Sammin kyl\u00e4yhdistys ry on rekister\u00f6ity 26.5.2004. Yhdistyksen tarkoituksena on edist\u00e4\u00e4 kyl\u00e4n asukkaiden yhteisty\u00f6t\u00e4 ja kanssak\u00e4ymist\u00e4 sek\u00e4 yll\u00e4pit\u00e4\u00e4 ja parantaa kyl\u00e4n elinvoimaa ja viihtyvyytt\u00e4.<\/p>\n\n\n\n<div style=\"height:29px\" aria-hidden=\"true\" class=\"wp-block-spacer\"><\/div>\n\n\n\n<h2 class=\"wp-block-heading has-text-align-center\">Sammi maailmankartalla<\/h2>\n\n\n\n<div style=\"height:23px\" aria-hidden=\"true\" class=\"wp-block-spacer\"><\/div>\n\n\n\n<iframe src=\"https:\/\/www.google.com\/maps\/embed?pb=!1m18!1m12!1m3!1d15043.390733148774!2d22.06071158455418!3d61.88091869912987!2m3!1f0!2f0!3f0!3m2!1i1024!2i768!4f13.1!3m3!1m2!1s0x468855e39ad3fb43%3A0xa00b553b98fbfe0!2s29830%20Sammi!5e0!3m2!1sfi!2sfi!4v1750695327485!5m2!1sfi!2sfi\" width=\"100%\" height=\"450\" style=\"border:0;\" allowfullscreen=\"\" loading=\"lazy\" referrerpolicy=\"no-referrer-when-downgrade\"><\/iframe>\n\n\n\n<p><\/p>\n","protected":false},"excerpt":{"rendered":"<p>Tervetuloa Sammiin! Sammi kuuluu Siikaisten kuntaan ja sijaitsee Pohjanmaantien ja Siikaisten puolessa v\u00e4liss\u00e4. Sammin kyl\u00e4yhdistys ry on rekister\u00f6ity 26.5.2004. Yhdistyksen tarkoituksena on edist\u00e4\u00e4 kyl\u00e4n asukkaiden yhteisty\u00f6t\u00e4 ja kanssak\u00e4ymist\u00e4 sek\u00e4 yll\u00e4pit\u00e4\u00e4 ja parantaa kyl\u00e4n elinvoimaa ja viihtyvyytt\u00e4. Sammi maailmankartalla<\/p>\n","protected":false},"author":1,"featured_media":0,"parent":0,"menu_order":0,"comment_status":"closed","ping_status":"closed","template":"home.php","meta":{"footnotes":""},"class_list":["post-614","page","type-page","status-publish","hentry"],"_links":{"self":[{"href":"https:\/\/dev.halminen.net\/sammi\/wp-json\/wp\/v2\/pages\/614","targetHints":{"allow":["GET"]}}],"collection":[{"href":"https:\/\/dev.halminen.net\/sammi\/wp-json\/wp\/v2\/pages"}],"about":[{"href":"https:\/\/dev.halminen.net\/sammi\/wp-json\/wp\/v2\/types\/page"}],"author":[{"embeddable":true,"href":"https:\/\/dev.halminen.net\/sammi\/wp-json\/wp\/v2\/users\/1"}],"replies":[{"embeddable":true,"href":"https:\/\/dev.halminen.net\/sammi\/wp-json\/wp\/v2\/comments?post=614"}],"version-history":[{"count":12,"href":"https:\/\/dev.halminen.net\/sammi\/wp-json\/wp\/v2\/pages\/614\/revisions"}],"predecessor-version":[{"id":1163,"href":"https:\/\/dev.halminen.net\/sammi\/wp-json\/wp\/v2\/pages\/614\/revisions\/1163"}],"wp:attachment":[{"href":"https:\/\/dev.halminen.net\/sammi\/wp-json\/wp\/v2\/media?parent=614"}],"curies":[{"name":"wp","href":"https:\/\/api.w.org\/{rel}","templated":true}]}}