{"id":287,"date":"2015-02-02T22:10:48","date_gmt":"2015-02-02T20:10:48","guid":{"rendered":"http:\/\/sammi.nettisivu.org\/?page_id=287"},"modified":"2025-06-26T09:32:18","modified_gmt":"2025-06-26T09:32:18","slug":"kylatalo","status":"publish","type":"page","link":"https:\/\/dev.halminen.net\/sammi\/kylatalo\/","title":{"rendered":"Kyl\u00e4talo"},"content":{"rendered":"\n<figure class=\"wp-block-gallery has-nested-images columns-4 is-cropped wp-block-gallery-1 is-layout-flex wp-block-gallery-is-layout-flex\">\n<figure class=\"wp-block-image size-large\"><img loading=\"lazy\" decoding=\"async\" width=\"768\" height=\"1024\" data-id=\"1142\" src=\"https:\/\/dev.halminen.net\/sammi\/wp-content\/uploads\/2025\/06\/1000044162-768x1024.jpg\" alt=\"\" class=\"wp-image-1142\" srcset=\"https:\/\/dev.halminen.net\/sammi\/wp-content\/uploads\/2025\/06\/1000044162-768x1024.jpg 768w, https:\/\/dev.halminen.net\/sammi\/wp-content\/uploads\/2025\/06\/1000044162-225x300.jpg 225w, https:\/\/dev.halminen.net\/sammi\/wp-content\/uploads\/2025\/06\/1000044162-1152x1536.jpg 1152w, https:\/\/dev.halminen.net\/sammi\/wp-content\/uploads\/2025\/06\/1000044162.jpg 1536w\" sizes=\"auto, (max-width: 768px) 100vw, 768px\" \/><\/figure>\n\n\n\n<figure class=\"wp-block-image size-large\"><img loading=\"lazy\" decoding=\"async\" width=\"768\" height=\"1024\" data-id=\"1141\" src=\"https:\/\/dev.halminen.net\/sammi\/wp-content\/uploads\/2025\/06\/1000044161-768x1024.jpg\" alt=\"\" class=\"wp-image-1141\" srcset=\"https:\/\/dev.halminen.net\/sammi\/wp-content\/uploads\/2025\/06\/1000044161-768x1024.jpg 768w, https:\/\/dev.halminen.net\/sammi\/wp-content\/uploads\/2025\/06\/1000044161-225x300.jpg 225w, https:\/\/dev.halminen.net\/sammi\/wp-content\/uploads\/2025\/06\/1000044161-1152x1536.jpg 1152w, https:\/\/dev.halminen.net\/sammi\/wp-content\/uploads\/2025\/06\/1000044161.jpg 1536w\" sizes=\"auto, (max-width: 768px) 100vw, 768px\" \/><\/figure>\n\n\n\n<figure class=\"wp-block-image size-large\"><img loading=\"lazy\" decoding=\"async\" width=\"1024\" height=\"683\" data-id=\"1138\" src=\"https:\/\/dev.halminen.net\/sammi\/wp-content\/uploads\/2025\/06\/1000044159-1024x683.jpg\" alt=\"\" class=\"wp-image-1138\" srcset=\"https:\/\/dev.halminen.net\/sammi\/wp-content\/uploads\/2025\/06\/1000044159-1024x683.jpg 1024w, https:\/\/dev.halminen.net\/sammi\/wp-content\/uploads\/2025\/06\/1000044159-300x200.jpg 300w, https:\/\/dev.halminen.net\/sammi\/wp-content\/uploads\/2025\/06\/1000044159-768x512.jpg 768w, https:\/\/dev.halminen.net\/sammi\/wp-content\/uploads\/2025\/06\/1000044159-1536x1024.jpg 1536w, https:\/\/dev.halminen.net\/sammi\/wp-content\/uploads\/2025\/06\/1000044159.jpg 2048w\" sizes=\"auto, (max-width: 1024px) 100vw, 1024px\" \/><\/figure>\n\n\n\n<figure class=\"wp-block-image size-large\"><img loading=\"lazy\" decoding=\"async\" width=\"768\" height=\"1024\" data-id=\"1140\" src=\"https:\/\/dev.halminen.net\/sammi\/wp-content\/uploads\/2025\/06\/1000044160-768x1024.jpg\" alt=\"\" class=\"wp-image-1140\" srcset=\"https:\/\/dev.halminen.net\/sammi\/wp-content\/uploads\/2025\/06\/1000044160-768x1024.jpg 768w, https:\/\/dev.halminen.net\/sammi\/wp-content\/uploads\/2025\/06\/1000044160-225x300.jpg 225w, https:\/\/dev.halminen.net\/sammi\/wp-content\/uploads\/2025\/06\/1000044160-1152x1536.jpg 1152w, https:\/\/dev.halminen.net\/sammi\/wp-content\/uploads\/2025\/06\/1000044160.jpg 1536w\" sizes=\"auto, (max-width: 768px) 100vw, 768px\" \/><\/figure>\n<\/figure>\n\n\n\n<div style=\"height:24px\" aria-hidden=\"true\" class=\"wp-block-spacer\"><\/div>\n\n\n\n<h2 class=\"wp-block-heading\"><strong>Tervetuloa Sammin kyl\u00e4taloon!<\/strong><\/h2>\n\n\n\n<p>Sammin uusi idyllinen kyl\u00e4talo on oivallinen paikka pienten juhlien, kokousten tai tilaisuuksien j\u00e4rjest\u00e4miseen. Sammin kyl\u00e4talossa viet\u00e4t esimerkiksi ikimuistoiset rippijuhlat, syntym\u00e4p\u00e4iv\u00e4t tai valmistujaiset.<\/p>\n\n\n\n<p>Talo sijaitsee keskeisell\u00e4 paikalla asfaltoidun tien varrella ja siin\u00e4 on kaksi osaa: kahvio (keitti\u00f6 + ruokailutila + aula, n.65m2) sek\u00e4 juhlasali (120 m2). Tilava ja ajanmukainen keitti\u00f6 tarjoaa oivat mahdollisuudet ruuanlaittoon ja tarjoiluun. Salin puolella on puolestaan paremmat mahdollisuudet j\u00e4rjest\u00e4\u00e4 ja koristella tila tarkoituksenmukaista k\u00e4ytt\u00f6\u00e4 varten. Salissa on k\u00e4ytett\u00e4viss\u00e4 mm. biljardip\u00f6yt\u00e4 ja karaokelaitteet.<\/p>\n\n\n\n<p>Tilava sauna on omiaan tunnelmallisten saunailtojen j\u00e4rjest\u00e4miseen. Sauna on toki my\u00f6s oiva rentoutumispaikka esimerkiksi juhlien p\u00e4\u00e4tteeksi.<\/p>\n\n\n\n<h3 class=\"wp-block-heading\"><strong>Lis\u00e4tiedot ja vuokraus:<\/strong><\/h3>\n\n\n\n<p><strong>Soita yhdistyksen puhelinnumeroon 0400-583222.&nbsp;<\/strong><\/p>\n\n\n\n<p>Sammin kyl\u00e4talo,&nbsp;Siikaistentie 1711,&nbsp; 29830 Sammi<\/p>\n\n\n\n<p>Et\u00e4isyyksi\u00e4: Kankaanp\u00e4\u00e4st\u00e4: 22km, Porista n.60km<strong>, <\/strong>Merikarvialta n.35km<\/p>\n\n\n\n<h2 class=\"wp-block-heading\"><strong>Sammin kyl\u00e4talon vuokrahinnasto:<\/strong><\/h2>\n\n\n\n<p><strong>Kokous (tai vastaava tilaisuus)<\/strong><\/p>\n\n\n\n<ul class=\"wp-block-list\">\n<li>Kesto enint\u00e4\u00e4n 4 tuntia, hinta <strong>50\u20ac<\/strong><\/li>\n\n\n\n<li>Yli 5 h saman vuorokauden aikana, hinta <strong>130\u20ac<\/strong><\/li>\n<\/ul>\n\n\n\n<p><strong>Vuorokausivuokrat, k\u00e4yt\u00f6ss\u00e4 koko talo<\/strong><\/p>\n\n\n\n<ul class=\"wp-block-list\">\n<li>Reilu vuorokausi, max. 36 h, hinta <strong>200\u20ac (valmistelut\/koristelut edelt\u00e4v\u00e4n\u00e4 p\u00e4iv\u00e4n\u00e4+juhlap\u00e4iv\u00e4)<\/strong><\/li>\n\n\n\n<li>Viikonloppu, noin 50 h, hinta <strong>350\u20ac (pe-su)<\/strong><\/li>\n<\/ul>\n\n\n\n<h2 class=\"wp-block-heading\"><span style=\"font-size: 12pt;\"><strong>Kyl\u00e4yhdistys vuokraa lis\u00e4ksi:<\/strong> <\/span><\/h2>\n\n\n\n<ul class=\"wp-block-list\">\n<li><strong>Teltat<\/strong>\n<ul class=\"wp-block-list\">\n<li>Pieni teltta 100\u20ac vkl, 8m x 4m (haku ja pystytys itse, palautus kuivana)<\/li>\n\n\n\n<li>Suuri teltta 200\u20ac vkl, 12m x 5m, hinta sis. pystytyksen ja purkamisen kyl\u00e4yhdistyksen puolesta Siikaisten alueella<\/li>\n\n\n\n<li>Molemmat teltat yhteens\u00e4 250\u20ac<\/li>\n<\/ul>\n<\/li>\n\n\n\n<li><strong>Astiasto ja kalusto <\/strong>(minimivuokra 30\u20ac)\n<ul class=\"wp-block-list\">\n<li>P\u00f6yt\u00e4 + kuusi tuolia 20 \u20ac<\/li>\n\n\n\n<li>Kahvinkeitin 25\u20ac<\/li>\n<\/ul>\n<\/li>\n\n\n\n<li><strong>Lis\u00e4ksi: <\/strong>venelaituripaikka Sammin Lavasj\u00e4rvelt\u00e4 25 \u20ac\/kausi<\/li>\n<\/ul>\n","protected":false},"excerpt":{"rendered":"<p>Tervetuloa Sammin kyl\u00e4taloon! Sammin uusi idyllinen kyl\u00e4talo on oivallinen paikka pienten juhlien, kokousten tai tilaisuuksien j\u00e4rjest\u00e4miseen. Sammin kyl\u00e4talossa viet\u00e4t esimerkiksi ikimuistoiset rippijuhlat, syntym\u00e4p\u00e4iv\u00e4t tai valmistujaiset. Talo sijaitsee keskeisell\u00e4 paikalla asfaltoidun tien varrella ja siin\u00e4 on kaksi osaa: kahvio (keitti\u00f6 + ruokailutila + aula, n.65m2) sek\u00e4 juhlasali (120 m2). Tilava ja ajanmukainen keitti\u00f6 tarjoaa oivat mahdollisuudet [&hellip;]<\/p>\n","protected":false},"author":1,"featured_media":0,"parent":0,"menu_order":0,"comment_status":"closed","ping_status":"closed","template":"","meta":{"footnotes":""},"class_list":["post-287","page","type-page","status-publish","hentry"],"_links":{"self":[{"href":"https:\/\/dev.halminen.net\/sammi\/wp-json\/wp\/v2\/pages\/287","targetHints":{"allow":["GET"]}}],"collection":[{"href":"https:\/\/dev.halminen.net\/sammi\/wp-json\/wp\/v2\/pages"}],"about":[{"href":"https:\/\/dev.halminen.net\/sammi\/wp-json\/wp\/v2\/types\/page"}],"author":[{"embeddable":true,"href":"https:\/\/dev.halminen.net\/sammi\/wp-json\/wp\/v2\/users\/1"}],"replies":[{"embeddable":true,"href":"https:\/\/dev.halminen.net\/sammi\/wp-json\/wp\/v2\/comments?post=287"}],"version-history":[{"count":11,"href":"https:\/\/dev.halminen.net\/sammi\/wp-json\/wp\/v2\/pages\/287\/revisions"}],"predecessor-version":[{"id":1144,"href":"https:\/\/dev.halminen.net\/sammi\/wp-json\/wp\/v2\/pages\/287\/revisions\/1144"}],"wp:attachment":[{"href":"https:\/\/dev.halminen.net\/sammi\/wp-json\/wp\/v2\/media?parent=287"}],"curies":[{"name":"wp","href":"https:\/\/api.w.org\/{rel}","templated":true}]}}

Kylätalo

<figure class="wp-block-gallery has-nested-images columns-4 is-cropped wp-block-gallery-1 is-layout-flex wp-block-gallery-is-layout-flex">
<figure class="wp-block-image size-large"><img loading="lazy" decoding="async" width="768" height="1024" data-id="1142" src="https://dev.halminen.net/sammi/wp-content/uploads/2025/06/1000044162-768x1024.jpg" alt="" class="wp-image-1142" srcset="https://dev.halminen.net/sammi/wp-content/uploads/2025/06/1000044162-768x1024.jpg 768w, https://dev.halminen.net/sammi/wp-content/uploads/2025/06/1000044162-225x300.jpg 225w, https://dev.halminen.net/sammi/wp-content/uploads/2025/06/1000044162-1152x1536.jpg 1152w, https://dev.halminen.net/sammi/wp-content/uploads/2025/06/1000044162.jpg 1536w" sizes="auto, (max-width: 768px) 100vw, 768px" /></figure>



<figure class="wp-block-image size-large"><img loading="lazy" decoding="async" width="768" height="1024" data-id="1141" src="https://dev.halminen.net/sammi/wp-content/uploads/2025/06/1000044161-768x1024.jpg" alt="" class="wp-image-1141" srcset="https://dev.halminen.net/sammi/wp-content/uploads/2025/06/1000044161-768x1024.jpg 768w, https://dev.halminen.net/sammi/wp-content/uploads/2025/06/1000044161-225x300.jpg 225w, https://dev.halminen.net/sammi/wp-content/uploads/2025/06/1000044161-1152x1536.jpg 1152w, https://dev.halminen.net/sammi/wp-content/uploads/2025/06/1000044161.jpg 1536w" sizes="auto, (max-width: 768px) 100vw, 768px" /></figure>



<figure class="wp-block-image size-large"><img loading="lazy" decoding="async" width="1024" height="683" data-id="1138" src="https://dev.halminen.net/sammi/wp-content/uploads/2025/06/1000044159-1024x683.jpg" alt="" class="wp-image-1138" srcset="https://dev.halminen.net/sammi/wp-content/uploads/2025/06/1000044159-1024x683.jpg 1024w, https://dev.halminen.net/sammi/wp-content/uploads/2025/06/1000044159-300x200.jpg 300w, https://dev.halminen.net/sammi/wp-content/uploads/2025/06/1000044159-768x512.jpg 768w, https://dev.halminen.net/sammi/wp-content/uploads/2025/06/1000044159-1536x1024.jpg 1536w, https://dev.halminen.net/sammi/wp-content/uploads/2025/06/1000044159.jpg 2048w" sizes="auto, (max-width: 1024px) 100vw, 1024px" /></figure>



<figure class="wp-block-image size-large"><img loading="lazy" decoding="async" width="768" height="1024" data-id="1140" src="https://dev.halminen.net/sammi/wp-content/uploads/2025/06/1000044160-768x1024.jpg" alt="" class="wp-image-1140" srcset="https://dev.halminen.net/sammi/wp-content/uploads/2025/06/1000044160-768x1024.jpg 768w, https://dev.halminen.net/sammi/wp-content/uploads/2025/06/1000044160-225x300.jpg 225w, https://dev.halminen.net/sammi/wp-content/uploads/2025/06/1000044160-1152x1536.jpg 1152w, https://dev.halminen.net/sammi/wp-content/uploads/2025/06/1000044160.jpg 1536w" sizes="auto, (max-width: 768px) 100vw, 768px" /></figure>
</figure>



<div style="height:24px" aria-hidden="true" class="wp-block-spacer"></div>



<h2 class="wp-block-heading"><strong>Tervetuloa Sammin kylätaloon!</strong></h2>



<p>Sammin uusi idyllinen kylätalo on oivallinen paikka pienten juhlien, kokousten tai tilaisuuksien järjestämiseen. Sammin kylätalossa vietät esimerkiksi ikimuistoiset rippijuhlat, syntymäpäivät tai valmistujaiset.</p>



<p>Talo sijaitsee keskeisellä paikalla asfaltoidun tien varrella ja siinä on kaksi osaa: kahvio (keittiö + ruokailutila + aula, n.65m2) sekä juhlasali (120 m2). Tilava ja ajanmukainen keittiö tarjoaa oivat mahdollisuudet ruuanlaittoon ja tarjoiluun. Salin puolella on puolestaan paremmat mahdollisuudet järjestää ja koristella tila tarkoituksenmukaista käyttöä varten. Salissa on käytettävissä mm. biljardipöytä ja karaokelaitteet.</p>



<p>Tilava sauna on omiaan tunnelmallisten saunailtojen järjestämiseen. Sauna on toki myös oiva rentoutumispaikka esimerkiksi juhlien päätteeksi.</p>



<h3 class="wp-block-heading"><strong>Lisätiedot ja vuokraus:</strong></h3>



<p><strong>Soita yhdistyksen puhelinnumeroon 0400-583222.&nbsp;</strong></p>



<p>Sammin kylätalo,&nbsp;Siikaistentie 1711,&nbsp; 29830 Sammi</p>



<p>Etäisyyksiä: Kankaanpäästä: 22km, Porista n.60km<strong>, </strong>Merikarvialta n.35km</p>



<h2 class="wp-block-heading"><strong>Sammin kylätalon vuokrahinnasto:</strong></h2>



<p><strong>Kokous (tai vastaava tilaisuus)</strong></p>



<ul class="wp-block-list">
<li>Kesto enintään 4 tuntia, hinta <strong>50€</strong></li>



<li>Yli 5 h saman vuorokauden aikana, hinta <strong>130€</strong></li>
</ul>



<p><strong>Vuorokausivuokrat, käytössä koko talo</strong></p>



<ul class="wp-block-list">
<li>Reilu vuorokausi, max. 36 h, hinta <strong>200€ (valmistelut/koristelut edeltävänä päivänä+juhlapäivä)</strong></li>



<li>Viikonloppu, noin 50 h, hinta <strong>350€ (pe-su)</strong></li>
</ul>



<h2 class="wp-block-heading"><span style="font-size: 12pt;"><strong>Kyläyhdistys vuokraa lisäksi:</strong> </span></h2>



<ul class="wp-block-list">
<li><strong>Teltat</strong>
<ul class="wp-block-list">
<li>Pieni teltta 100€ vkl, 8m x 4m (haku ja pystytys itse, palautus kuivana)</li>



<li>Suuri teltta 200€ vkl, 12m x 5m, hinta sis. pystytyksen ja purkamisen kyläyhdistyksen puolesta Siikaisten alueella</li>



<li>Molemmat teltat yhteensä 250€</li>
</ul>
</li>



<li><strong>Astiasto ja kalusto </strong>(minimivuokra 30€)
<ul class="wp-block-list">
<li>Pöytä + kuusi tuolia 20 €</li>



<li>Kahvinkeitin 25€</li>
</ul>
</li>



<li><strong>Lisäksi: </strong>venelaituripaikka Sammin Lavasjärveltä 25 €/kausi</li>
</ul>

<p>Tervetuloa Sammin kylätaloon! Sammin uusi idyllinen kylätalo on oivallinen paikka pienten juhlien, kokousten tai tilaisuuksien järjestämiseen. Sammin kylätalossa vietät esimerkiksi ikimuistoiset rippijuhlat, syntymäpäivät tai valmistujaiset. Talo sijaitsee keskeisellä paikalla asfaltoidun tien varrella ja siinä on kaksi osaa: kahvio (keittiö + ruokailutila + aula, n.65m2) sekä juhlasali (120 m2). Tilava ja ajanmukainen keittiö tarjoaa oivat mahdollisuudet [&hellip;]</p>
